 when 112041 is divided by 37295.
156
Calculate the remainder when 278367 is divided by 27.
24
Calculate the remainder when 31779 is divided by 31629.
150
Calculate the remainder when 1110 is divided by 308.
186
Calculate the remainder when 38418 is divided by 484.
182
Calculate the remainder when 764 is divided by 15.
14
Calculate the remainder when 75263 is divided by 1840.
1663
Calculate the remainder when 12761 is divided by 2552.
1
Calculate the remainder when 6687 is divided by 66.
21
What is the remainder when 247777 is divided by 389?
373
What is the remainder when 4022 is divided by 91?
18
Calculate the remainder when 1491 is divided by 64.
19
Calculate the remainder when 151853 is divided by 25308.
5
What is the remainder when 26052 is divided by 34?
8
Calculate the remainder when 18629 is divided by 380.
9
Calculate the remainder when 223407 is divided by 2031.
2028
Calculate the remainder when 55760 is divided by 13938.
8
What is the remainder when 26119 is divided by 6528?
7
What is the remainder when 14705 is divided by 291?
155
What is the remainder when 12258 is divided by 3044?
82
Calculate the remainder when 22324 is divided by 9.
4
What is the remainder when 183553 is divided by 26?
19
Calculate the remainder when 7944 is divided by 1983.
12
Calculate the remainder when 38478 is divided by 4254.
192
What is the remainder when 3427 is divided by 1704?
19
Calculate the remainder when 578 is divided by 308.
270
What is the remainder when 58470 is divided by 297?
258
Calculate the remainder when 143529 is divided by 31.
30
What is the remainder when 5362 is divided by 122?
116
Calculate the remainder when 5648 is divided by 941.
2
What is the remainder when 3067 is divided by 136?
75
Calculate the remainder when 69798 is divided by 194.
152
What is the remainder when 2417 is divided by 149?
33
What is the remainder when 98882 is divided by 682?
674
What is the remainder when 4381 is divided by 69?
34
Calculate the remainder when 17931 is divided by 97.
83
What is the remainder when 196190 is divided by 65396?
2
Calculate the remainder when 4661 is divided by 2264.
133
Calculate the remainder when 1386 is divided by 1343.
43
Calculate the remainder when 28865 is divided by 26.
5
What is the remainder when 3015 is divided by 566?
185
What is the remainder when 34184 is divided by 457?
366
What is the remainder when 20649 is divided by 1587?
18
Calculate the remainder when 1608815 is divided by 522.
11
Calculate the remainder when 1480152 is divided by 18736.
8
Calculate the remainder when 1817 is divided by 295.
47
What is the remainder when 605 is divided by 79?
52
Calculate the remainder when 313762 is divided by 14.
8
What is the remainder when 1054554 is divided by 104?
98
Calculate the remainder when 2488 is divided by 595.
108
Calculate the remainder when 1613 is divided by 269.
268
Calculate the remainder when 6533207 is divided by 438.
437
What is the remainder when 3271 is divided by 123?
73
Calculate the remainder when 30337 is divided by 740.
737
What is the remainder when 3475 is divided by 68?
7
What is the remainder when 15991 is divided by 160?
151
Calculate the remainder when 30124 is divided by 614.
38
Calculate the remainder when 3509 is divided by 7.
2
What is the remainder when 1412 is divided by 85?
52
Calculate the remainder when 9483 is divided by 3151.
30
What is the remainder when 2364986 is divided by 631?
629
Calculate the remainder when 46240 is divided by 984.
976
Calculate the remainder when 116453 is divided by 7763.
8
Calculate the remainder when 1342 is divided by 446.
4
Calculate the remainder when 15995 is divided by 178.
153
Calculate the remainder when 4195 is divided by 1111.
862
Calculate the remainder when 9052 is divided by 1810.
2
Calculate the remainder when 48598 is divided by 600.
598
Calculate the remainder when 338777 is divided by 16.
9
What is the remainder when 1471970 is divided by 342?
2
Calculate the remainder when 31591 is divided by 16.
7
What is the remainder when 92893 is divided by 147?
136
What is the remainder when 1388 is divided by 83?
60
What is the remainder when 199559 is divided by 128?
7
What is the remainder when 102261 is divided by 2324?
5
What is the remainder when 1527 is divided by 757?
13
What is the remainder when 4322 is divided by 252?
38
Calculate the remainder when 58816 is divided by 964.
12
What is the remainder when 651250 is divided by 118?
8
Calculate the remainder when 13971 is divided by 411.
408
Calculate the remainder when 6522 is divided by 25.
22
Calculate the remainder when 731567 is divided by 98.
95
Calculate the remainder when 164173 is divided by 41032.
45
What is the remainder when 17871 is divided by 945?
861
Calculate the remainder when 10539 is divided by 1732.
147
What is the remainder when 7002 is divided by 696?
42
Calculate the remainder when 1898 is divided by 143.
39
What is the remainder when 73309 is divided by 232?
229
Calculate the remainder when 25289 is divided by 275.
264
Calculate the remainder when 6851 is divided by 26.
13
What is the remainder when 1217 is divided by 428?
361
Calculate the remainder when 129680 is divided by 519.
449
Calculate the remainder when 2298 is divided by 2278.
20
Calculate the remainder when 12458 is divided by 4114.
116
Calculate the remainder when 58480 is divided by 7309.
8
Calculate the remainder when 635 is divided by 166.
137
Calculate the remainder when 45345 is divided by 9068.
5
Calculate the remainder when 1036071 is divided by 111.
108
What is the remainder when 1963 is divided by 1941?
22
Calculate the remainder when 3609 is divided by 325.
34
Calculate the remainder when 618695 is divided by 17.
14
What is the remainder when 294614 is divided by 29461?
4
Calculate the remainder when 60139 is divided by 58.
51
What is the remainder when 3773 is divided by 248?
53
Calculate the remainder when 4280 is divided by 4250.
30
Calculate the remainder when 6105 is divided by 2023.
36
Calculate the remainder when 6273 is divided by 640.
513
What is the remainder when 12848 is divided by 917?
10
What is the remainder when 16797 is divided by 931?
39
What is the remainder when 85903 is divided by 69?
67
What is the remainder when 23581 is divided by 445?
441
What is the remainder when 17336 is divided by 377?
371
Calculate the remainder when 59318 is divided by 1646.
62
What is the remainder when 25068 is divided by 76?
64
What is the remainder when 195539 is divided by 635?
594
Calculate the remainder when 860 is divided by 693.
167
What is the remainder when 17891 is divided by 720?
611
Calculate the remainder when 1136171 is divided by 15780.
11
Calculate the remainder when 28567 is divided by 5.
2
What is the remainder when 175196 is divided by 8?
4
What is the remainder when 10329 is divided by 794?
7
Calculate the remainder when 687704 is divided by 167.
165
Calculate the remainder when 4573 is divided by 4552.
21
What is the remainder when 77464 is divided by 136?
80
Calculate the remainder when 68769 is divided by 11459.
15
What is the remainder when 1392 is divided by 614?
164
What is the remainder when 1960 is divided by 93?
7
What is the remainder when 2627 is divided by 711?
494
What is the remainder when 77729 is divided by 518?
29
What is the remainder when 165947 is divided by 13827?
23
What is the remainder when 76252 is divided by 47?
18
What is the remainder when 2856 is divided by 2074?
782
What is the remainder when 29131 is divided by 32?
11
What is the remainder when 186106 is divided by 37218?
16
Calculate the remainder when 446 is divided by 31.
12
Calculate the remainder when 5657 is divided by 59.
52
Calculate the remainder when 124589 is divided by 481.
10
Calculate the remainder when 47313 is divided by 41.
40
Calculate the remainder when 3653 is divided by 245.
223
Calculate the remainder when 20934 is divided by 1470.
354
What is the remainder when 2546 is divided by 960?
626
Calculate the remainder when 18197 is divided by 18177.
20
Calculate the remainder when 53429 is divided by 529.
0
Calculate the remainder when 63302 is divided by 289.
11
What is the remainder when 11829 is divided by 57?
30
Calculate the remainder when 19248 is divided by 23.
20
Cal